et w(o) = o + 1. Let r = -67 - -69. Suppose -x + 2*x = r*y - 17, -3*x = -4*y + 39. Determine w(y).
7
Let c(o) = 3*o**3 + o + 1071*o**2 + 3 - 4*o**3 - 1081*o**2. Calculate c(-9).
-87
Let z(d) = 14*d + 1. Let l(v) = -v**2 - 5*v + 101. Let x be l(8). Determine z(x).
-41
Let m(u) be the second derivative of u**3/6 - 3*u**2/2 + u. Let q be (-38)/(-3) - 1/(-3). Let o = 18 - q. What is m(o)?
2
Let n(z) = z**3 + 13*z**2 + 16*z - 14. Suppose 75*u - 32*u = -516. What is n(u)?
-62
Suppose 4*i + 22*i - 52*i - 156 = 0. Let f(m) be the second derivative of -m**5/20 - 7*m**4/12 - 4*m**3/3 - 3*m**2 + m. Calculate f(i).
6
Let h(s) = -17*s**2 + s - 1. Let t = 57 + -56. Determine h(t).
-17
Let a(b) = b**3 - 4*b**2 - 4*b - 1. Let p be 55/10 - 2/4. Let n be a(p). Suppose 0*l - n*l + 16 = 0. Let k(z) = 5*z - 5. Calculate k(l).
15
Suppose n = 3*o + 2 - 5, -4*n = -12. Suppose 0 = -o*m + 4 + 4. Let a(u) = 2*u**3 - 7*u**2 - u**3 + 3*u**2 + 3*u. Calculate a(m).
12
Let o(a) = 5*a - 3. Let p(q) = -q**3 + 3*q**2 - q - 4. Let k be p(4). Let j = k - -20. Give o(j).
-23
Let d(x) = x**3 + 4*x**2 + 2*x + 4. Let y be (6/4)/(2/(-4)). Determine d(y).
7
Let i(v) be the third derivative of 0 + 0*v + 6*v**2 - 7/6*v**3 + 1/12*v**4. Give i(5).
3
Let t(h) be the first derivative of h**5/60 - h**4/6 - h**3/6 - h**2 + 48. Let z(x) be the second derivative of t(x). What is z(7)?
20
Let f(u) = -u**2 - 4*u - 5. Let n be f(-4). Let y(d) be the third derivative of -5/6*d**3 - 1/24*d**4 + 0 + 15*d**2 + 0*d. What is y(n)?
0
Let r(g) be the first derivative of -g**5/60 + g**4/3 - 25*g**2/2 + 17. Let j(k) be the second derivative of r(k). Determine j(8).
0
Let r(h) = -2*h - 7. Let i be 3*2/2 - -3. Let m(k) = k + 3. Let w(q) = i*r(q) + 13*m(q). Let o(l) = l**2 + 7*l + 2. Let c be o(-6). What is w(c)?
-7
Let g be ((-85)/(-34))/((-2)/(-4)*1). Let b(c) = 2*c - 2. What is b(g)?
8
Let w = 51 + -45. Let t(k) = -k**3 + 11*k**2 - 8*k. Let c(d) = d**3 - 12*d**2 + 9*d - 1. Let g(i) = -4*c(i) - 5*t(i). Calculate g(w).
-8
Let y(q) = 3*q + 1. Suppose -2*p + 1 = -3. Suppose -p*t + 4*w - 6 = 0, -5*w + 8 + 6 = 4*t. Calculate y(t).
4
Let x(t) be the second derivative of -t**3/6 - 23*t**2/2 - 111*t. Give x(-13).
-10
Let z(q) be the second derivative of 0 + 19*q - 5/2*q**2 - 2/3*q**3. Let p be (-4)/(-14) + 90/(-21). What is z(p)?
11
Let t(j) = -j**3 + 6*j**2 - 9*j - 7. Let p be t(5). Let c = -27 - p. Suppose -3*v - n + c*n = -13, -3*v + 14 = 2*n. Let k(h) = h - 4. Calculate k(v).
0
Let z be ((-8)/(-10))/((-2)/(-10)). Let a(x) be the first derivative of -x**3/3 + x**2 - 2*x - 1333. Determine a(z).
-10
Let r be (-8 - -12) + 3 + -2 + 4. Let y(a) = -a - 1. Give y(r).
-10
Let s(f) = -f**2 + 6*f - 7. Let b(o) = -5*o**2 + 31*o - 38. Let j(h) = 2*b(h) - 11*s(h). Give j(7).
22
Let r = 84 - 83. Let m(q) = -q**3 + q**3 - 2*q**2 + 4*q**3 + r. What is m(1)?
3
Let u(y) = 4*y - 4. Let w be 10 - (-5 + 5)/2. Calculate u(w).
36
Let n(j) = -16*j**3 - 4 + 3 - j - 3*j**2 - 6*j**2 - 2 + 15*j**3. Determine n(-9).
6
Let u(v) be the second derivative of v**3/6 + v**2 - 66*v - 1. What is u(3)?
5
Let c(m) be the third derivative of -m**6/120 - m**5/15 + m**4/24 - 2*m**3/3 - 6*m**2. Suppose 6*n + 15*n = -105. What is c(n)?
16
Let k(p) = 37*p**2 + 4 - 4*p - 35*p**2 - 2 - 7. What is k(4)?
11
Let p(r) = -r**2 + 4*r + 17. Let k be p(7). Let w be (-3)/(12/1) + (-5)/k. Let j(y) = 9*y**2 + y. Determine j(w).
10
Let o = -1162 - -1160. Let x(u) = 4*u - 4. What is x(o)?
-12
Suppose 2*h + 8 = 5*p, -2 + 1 = 5*h - 3*p. Let d(y) be the second derivative of y**2/2 - 2*y. Let a(s) = -s + 2. Let n(t) = h*a(t) - 6*d(t). Give n(3).
-7
Let x(l) = -1204*l - 2 - 1207*l + 2406*l. Determine x(-4).
18
Suppose -2*p + 10 = 3*p + 4*n, 4*p - 9 = -3*n. Let x(k) = -4*k**2 + 2 - k + 2*k**2 + p*k + k**2. Give x(4).
6
Let j(k) = 10*k**2 + 14*k + 6. Let x(r) = -7*r**2 - 9*r - 5. Let h(p) = -5*j(p) - 7*x(p). Suppose 2*v = v - 7. Calculate h(v).
5
Let q(k) = k**3 - 9*k**2 + 9*k + 4. Let s be q(8). Let r = s + -11. Let i = r + 3. Let m(n) = -n**2 + 6*n - 2. Determine m(i).
6
Let u(m) = -m**3 - 5*m**2 - m + 3. Suppose -r + y = 3 - 22, 0 = -5*r + y + 91. Suppose -3*b = w - r, w - 3*b - 3 = -b. Let t = -13 + w. Calculate u(t).
-9
Let v(p) = p + 19. Let x be v(-15). Let u(y) = -x*y + 2*y + 2 + 3*y. Determine u(-4).
-2
Let s(k) be the second derivative of -k**5/120 + k**4/24 - 7*k**3/2 + 11*k. Let v(x) be the second derivative of s(x). Calculate v(0).
1
Let a be (-4)/6 - 11/(-3). Let b(l) = l**2 + l - 8. Let q be b(2). Let x = q - a. Let w(h) = h + 11. Give w(x).
6
Let i(k) be the second derivative of -k**6/120 - k**5/60 + k**4/12 - 13*k**3/2 + 25*k. Let n(a) be the second derivative of i(a). Determine n(1).
-3
Let z(f) be the second derivative of 1/5*f**5 + 0 - 1/12*f**4 + 1/2*f**2 - 1/6*f**3 - 15*f. Give z(1).
3
Let c(k) = -2*k**2 + 2. Let y = -71 + 105. Suppose -4*i = -4*p - 68, -3*p - i - y = -3. Let s = p - -10. Determine c(s).
-6
Let f(x) = 2*x**2 - x**2 + 5*x + 0*x**2 + 5. Let z be f(-4). Let p(y) = -4*y - y**2 + 13*y**3 + 2*y**2 + 3*y. Give p(z).
13
Let y(h) be the third derivative of 0*h + 1/120*h**6 + 2*h**2 + 0 - 1/12*h**5 - 1/6*h**3 + 1/6*h**4. Let i = 660 + -657. What is y(i)?
-7
Let c = 2 + 6. Suppose r + r = c, 2*o + 8 = 2*r. Suppose 2*v = -o*v + 12. Let s(p) = -p**3 + 6*p**2 + 1. Give s(v).
1
Suppose -4*c = 3*b + 32, -2*b + 5*b + 40 = -5*c. Let w(n) = -n**2 - 9*n - 12. Calculate w(c).
-4
Let m(x) = -x**2 - 5*x. Suppose -21*b + 10*b - 66 = 0. Give m(b).
-6
Let h(m) be the first derivative of m**5/120 - m**4/3 + 5*m**3/3 + 10. Let y(x) be the third derivative of h(x). What is y(5)?
-3
Let u(k) = k. Suppose -22 = -n + 5*b, 26*n - 29*n - b = -2. Determine u(n).
2
Let x = 30 + -25. Let k(w) = x - 20*w - 15*w + 31*w. Give k(4).
-11
Let s(x) = -x**2 + 2*x + 2. Let l(m) = 5*m**2 + 3*m + 7. Let i(o) = -9*o**2 - 6*o - 13. Let p(v) = 6*i(v) + 11*l(v). Let g(y) = 4*p(y) + 3*s(y). What is g(4)?
-6
Let t(l) = 3*l - 3. Let o be 10 - 144/(36/6). Calculate t(o).
-45
Suppose 4*i = -i + 25. Let m(s) = -4*s - 218 + s**2 + 52 + 54 + 59 + 51. Determine m(i).
3
Let n(a) = -4*a - 1. Let f be (-441)/(-153) + -3 + (-104)/(-17). What is n(f)?
-25
Let b(q) be the first derivative of -5*q**3/3 + q**2 - q - 1. Let w be b(1). Let c(h) = -h - 4. What is c(w)?
0
Let j(s) = -109*s**2 - 14*s + s**3 + 64*s**2 + 56*s**2 - 6 + 4. Give j(-12).
22
Let k(z) be the first derivative of -z**3/3 - 4*z**2 + 2*z + 1. Suppose 530*f = 532*f + 12. What is k(f)?
14
Let d(a) = a**2 + 4*a - 20. Let r = 1391 + -1397. Give d(r).
-8
Suppose -4*g - 32 - 12 = 0. Let i(f) = f**3 - f**2 - 3*f - 3. Let o(h) = 3*h**3 - 4*h**2 - 10*h - 8. Let y(q) = g*i(q) + 4*o(q). Calculate y(6).
-5
Let b(a) = -a**2 - a + 1. Let u(t) = -t**2 + 5*t. Let x(i) = 5*b(i) + u(i). Let s(h) = 2*h**2 - 2. Let k(y) = 11*s(y) + 4*x(y). Give k(2).
-10
Let j = 364 - 362. Let s(a) = -6*a - 1. Give s(j).
-13
Let a = -12 + 16. Suppose 0 = 5*j + 3*r - a, -3*j + 4*r + 14 = -0. Let b(h) = -5*h + h - 4*h**2 + h**2 - j. Determine b(-2).
-6
Let k(w) be the second derivative of w**5/20 + w**4/6 - w**3/2 - 2*w**2 - 6*w. Let g be (-89)/(-5) - 3/(-15). Let r be 4/g - (-58)/(-18). Determine k(r).
-4
Let w(m) = 6*m - 2*m - m**2 - 2*m + 8*m**3 - 2*m**3 + 7*m**3 - 1. Determine w(1).
13
Let n = 20 + -18. Let l(d) = 2 + 0*d**2 + d**2 + 1 + n + 2*d. Determine l(-4).
13
Suppose -3*m = -2*m - 1. Let a(f) = 14*f. Let r(c) = 5*c. Let v(y) = 3*a(y) - 8*r(y). Calculate v(m).
2
Let p(l) be the first derivative of -l**3/3 - 5*l**2/2 + 266. Determine p(-2).
6
Let h(q) = 82*q**2 - 8*q**3 + 0*q - 81*q**2 + q. Calculate h(-1).
8
Let i(k) = k**2 + 4*k - 4. Let o be i(-3). Let h = 311 + -302. Let x = o + h. Let v(j) = -j**2 + 4*j. Calculate v(x).
4
Let u(p) = 9*p - 20*p + 3*p + 12 + 11*p. Give u(-4).
0
Let f(b) = -191*b**2 - 5*b - b**3 - 187*b**2 + 4*b - 13 + 366*b**2. Calculate f(-12).
-1
Let i(f) = -f**3 + 7*f**2 + 6*f + 9. Suppose 120 = 124*n - 109*n. Determine i(n).
-7
Let j(p) = -17 - 491*p**3 + 490*p**3 + 0*p**2 + p**2. What is j(0)?
-17
Let h(k) = k - 5. Let y be h(7). Let u(v) = 2*v - v**2 - v**3 - 2 + 0*v**3 - v + y*v**2. What is u(0)?
-2
Suppose 0 = -3*u + 2*n + 15, 4*u - 3 = -n + 6. Let q(z) be the third derivative of -1/60*z**5 - 13*z**2 + 0*z + 1/6*z**4 + 0 - 1/2*z**3. What i